{"id":2584,"date":"2024-03-26T10:15:59","date_gmt":"2024-03-26T09:15:59","guid":{"rendered":"https:\/\/bajamont.com\/?page_id=2584"},"modified":"2024-03-27T10:16:16","modified_gmt":"2024-03-27T09:16:16","slug":"commissions-de-bajamont","status":"publish","type":"page","link":"https:\/\/bajamont.com\/commissions-de-bajamont\/","title":{"rendered":"Commissions de Bajamont"},"content":{"rendered":"\t\t<div data-elementor-type=\"wp-page\" data-elementor-id=\"2584\" class=\"elementor elementor-2584\" data-elementor-post-type=\"page\">\n\t\t\t\t<div class=\"elementor-element elementor-element-5e748ac e-flex e-con-boxed wpr-particle-no wpr-jarallax-no wpr-parallax-no wpr-sticky-section-no wpr-equal-height-no e-con e-parent\" data-id=\"5e748ac\" data-element_type=\"container\" data-e-type=\"container\" data-settings=\"{&quot;background_background&quot;:&quot;classic&quot;}\">\n\t\t\t\t\t<div class=\"e-con-inner\">\n\t\t<div class=\"elementor-element elementor-element-d50f673 e-con-full e-flex wpr-particle-no wpr-jarallax-no wpr-parallax-no wpr-sticky-section-no wpr-equal-height-no e-con e-child\" data-id=\"d50f673\" data-element_type=\"container\" data-e-type=\"container\">\n\t\t\t\t<div class=\"elementor-element elementor-element-d51f69a elementor-widget elementor-widget-heading\" data-id=\"d51f69a\" data-element_type=\"widget\" data-e-type=\"widget\" data-widget_type=\"heading.default\">\n\t\t\t\t<div class=\"elementor-widget-container\">\n\t\t\t\t\t<h2 class=\"elementor-heading-title elementor-size-default\">Les commissions<\/h2>\t\t\t\t<\/div>\n\t\t\t\t<\/div>\n\t\t\t\t<\/div>\n\t\t\t\t\t<\/div>\n\t\t\t\t<\/div>\n\t\t<div class=\"elementor-element elementor-element-c2f8276 e-flex e-con-boxed wpr-particle-no wpr-jarallax-no wpr-parallax-no wpr-sticky-section-no wpr-equal-height-no e-con e-parent\" data-id=\"c2f8276\" data-element_type=\"container\" data-e-type=\"container\">\n\t\t\t\t\t<div class=\"e-con-inner\">\n\t\t\t\t<div class=\"elementor-element elementor-element-e0b0a20 elementor-widget elementor-widget-text-editor\" data-id=\"e0b0a20\" data-element_type=\"widget\" data-e-type=\"widget\" data-widget_type=\"text-editor.default\">\n\t\t\t\t<div class=\"elementor-widget-container\">\n\t\t\t\t\t\t\t\t\t<p class=\"p1\">La 3ieme r\u00e9union de la CACTE (Commission extra-municipale de l&rsquo;Adaptation<\/p><p class=\"p1\">Climatique et de la Transition Ecologique) s&rsquo;est d\u00e9roul\u00e9e le 03 mars. Cette commission est compos\u00e9e de six membres \u00e9lus et de six bajamontais. Apr\u00e8s pr\u00e9sentation en conseil municipal, les th\u00e8mes suivants ont \u00e9t\u00e9 approuv\u00e9s:<\/p><p class=\"p1\">Arborisation et v\u00e9g\u00e9talisation avec l&rsquo;organisation de \u00abla journ\u00e9e de l&rsquo;arbre \u00bb, Biodiversit\u00e9, d\u00e9placements doux &#8211; projet de voie verte, co-voiturage -, Circuit court, alimentation et exemplarit\u00e9 municipale &#8211; qualit\u00e9 alimentaire dans notre cantine, traitement \u00e0 la source de nos bio-d\u00e9chets. Pour chaque th\u00e8me, des membres de cette commission ont \u00e9t\u00e9 d\u00e9sign\u00e9s afin de piloter les projets. Beaucoup de travail en perspective mais avec l&rsquo;envie pour cette commission, de pouvoir agir sur notre environnement commun<\/p>\t\t\t\t\t\t\t\t<\/div>\n\t\t\t\t<\/div>\n\t\t\t\t\t<\/div>\n\t\t\t\t<\/div>\n\t\t<div class=\"elementor-element elementor-element-30bda44 e-flex e-con-boxed wpr-particle-no wpr-jarallax-no wpr-parallax-no wpr-sticky-section-no wpr-equal-height-no e-con e-parent\" data-id=\"30bda44\" data-element_type=\"container\" data-e-type=\"container\">\n\t\t\t\t\t<div class=\"e-con-inner\">\n\t\t\t\t<div class=\"elementor-element elementor-element-ba9214d elementor-widget elementor-widget-heading\" data-id=\"ba9214d\" data-element_type=\"widget\" data-e-type=\"widget\" data-widget_type=\"heading.default\">\n\t\t\t\t<div class=\"elementor-widget-container\">\n\t\t\t\t\t<h2 class=\"elementor-heading-title elementor-size-default\">Les commissions de Bajamont<\/h2>\t\t\t\t<\/div>\n\t\t\t\t<\/div>\n\t\t\t\t<div class=\"elementor-element elementor-element-4375401 elementor-widget elementor-widget-html\" data-id=\"4375401\" data-element_type=\"widget\" data-e-type=\"widget\" data-widget_type=\"html.default\">\n\t\t\t\t<div class=\"elementor-widget-container\">\n\t\t\t\t\t<embed src=\"https:\/\/bajamont.com\/wp-content\/uploads\/2024\/03\/missions.pdf\" width=\"800\" height=\"800\" type=\"application\/pdf\"\/>\n\t\t\t\t<\/div>\n\t\t\t\t<\/div>\n\t\t\t\t\t<\/div>\n\t\t\t\t<\/div>\n\t\t<div class=\"elementor-element elementor-element-db1ce59 e-flex e-con-boxed wpr-particle-no wpr-jarallax-no wpr-parallax-no wpr-sticky-section-no wpr-equal-height-no e-con e-parent\" data-id=\"db1ce59\" data-element_type=\"container\" data-e-type=\"container\">\n\t\t\t\t\t<div class=\"e-con-inner\">\n\t\t\t\t<div class=\"elementor-element elementor-element-e4c1e09 elementor-widget elementor-widget-heading\" data-id=\"e4c1e09\" data-element_type=\"widget\" data-e-type=\"widget\" data-widget_type=\"heading.default\">\n\t\t\t\t<div class=\"elementor-widget-container\">\n\t\t\t\t\t<h2 class=\"elementor-heading-title elementor-size-default\">Les repr\u00e9sentants aux comissions de l'agglom\u00e9ration d'Agen et des syndicats<\/h2>\t\t\t\t<\/div>\n\t\t\t\t<\/div>\n\t\t\t\t<div class=\"elementor-element elementor-element-84037b7 elementor-widget elementor-widget-html\" data-id=\"84037b7\" data-element_type=\"widget\" data-e-type=\"widget\" data-widget_type=\"html.default\">\n\t\t\t\t<div class=\"elementor-widget-container\">\n\t\t\t\t\t<embed src=\"https:\/\/bajamont.com\/wp-content\/uploads\/2024\/03\/representant5.pdf\" width=\"800\" height=\"800\" type=\"application\/pdf\"\/>\n\t\t\t\t<\/div>\n\t\t\t\t<\/div>\n\t\t\t\t\t<\/div>\n\t\t\t\t<\/div>\n\t\t<div class=\"elementor-element elementor-element-43d7f4d e-flex e-con-boxed wpr-particle-no wpr-jarallax-no wpr-parallax-no wpr-sticky-section-no wpr-equal-height-no e-con e-parent\" data-id=\"43d7f4d\" data-element_type=\"container\" data-e-type=\"container\">\n\t\t\t\t\t<div class=\"e-con-inner\">\n\t\t\t\t<div class=\"elementor-element elementor-element-11bdab5 elementor-widget elementor-widget-heading\" data-id=\"11bdab5\" data-element_type=\"widget\" data-e-type=\"widget\" data-widget_type=\"heading.default\">\n\t\t\t\t<div class=\"elementor-widget-container\">\n\t\t\t\t\t<h2 class=\"elementor-heading-title elementor-size-default\">Commission extra-municipale de l'Adaptation Climatique de la Transition \u00c9cologique<\/h2>\t\t\t\t<\/div>\n\t\t\t\t<\/div>\n\t\t\t\t<div class=\"elementor-element elementor-element-1adee89 elementor-widget elementor-widget-html\" data-id=\"1adee89\" data-element_type=\"widget\" data-e-type=\"widget\" data-widget_type=\"html.default\">\n\t\t\t\t<div class=\"elementor-widget-container\">\n\t\t\t\t\t<embed src=\"https:\/\/bajamont.com\/wp-content\/uploads\/2024\/03\/CACTE_CR_Reunion_du_08-03-2021__pour_site.pdf\" width=\"800\" height=\"800\" type=\"application\/pdf\"\/>\n\t\t\t\t<\/div>\n\t\t\t\t<\/div>\n\t\t\t\t\t<\/div>\n\t\t\t\t<\/div>\n\t\t\t\t<\/div>\n\t\t","protected":false},"excerpt":{"rendered":"<p>Les commissions La 3ieme r\u00e9union de la CACTE (Commission extra-municipale de l&rsquo;Adaptation Climatique et de la Transition Ecologique) s&rsquo;est d\u00e9roul\u00e9e le 03 mars. Cette commission est compos\u00e9e de six membres \u00e9lus et de six bajamontais. Apr\u00e8s pr\u00e9sentation en conseil municipal, les th\u00e8mes suivants ont \u00e9t\u00e9 approuv\u00e9s: Arborisation et v\u00e9g\u00e9talisation avec l&rsquo;organisation de \u00abla journ\u00e9e de l&rsquo;arbre \u00bb, Biodiversit\u00e9, d\u00e9placements doux &#8211; projet de voie verte, co-voiturage -, Circuit court, alimentation et exemplarit\u00e9 municipale &#8211; qualit\u00e9 alimentaire dans notre cantine, traitement \u00e0 la source de nos bio-d\u00e9chets. Pour chaque th\u00e8me, des membres de cette commission ont \u00e9t\u00e9 d\u00e9sign\u00e9s afin de piloter les projets. Beaucoup de travail en perspective mais avec l&rsquo;envie pour cette commission, de pouvoir agir sur notre environnement commun Les commissions de Bajamont Les repr\u00e9sentants aux comissions de l&rsquo;agglom\u00e9ration d&rsquo;Agen et des syndicats Commission extra-municipale de l&rsquo;Adaptation Climatique de la Transition \u00c9cologique<\/p>\n","protected":false},"author":1,"featured_media":0,"parent":0,"menu_order":0,"comment_status":"closed","ping_status":"closed","template":"elementor_canvas","meta":{"footnotes":""},"class_list":["post-2584","page","type-page","status-publish","hentry"],"_links":{"self":[{"href":"https:\/\/bajamont.com\/wp-json\/wp\/v2\/pages\/2584","targetHints":{"allow":["GET"]}}],"collection":[{"href":"https:\/\/bajamont.com\/wp-json\/wp\/v2\/pages"}],"about":[{"href":"https:\/\/bajamont.com\/wp-json\/wp\/v2\/types\/page"}],"author":[{"embeddable":true,"href":"https:\/\/bajamont.com\/wp-json\/wp\/v2\/users\/1"}],"replies":[{"embeddable":true,"href":"https:\/\/bajamont.com\/wp-json\/wp\/v2\/comments?post=2584"}],"version-history":[{"count":13,"href":"https:\/\/bajamont.com\/wp-json\/wp\/v2\/pages\/2584\/revisions"}],"predecessor-version":[{"id":2642,"href":"https:\/\/bajamont.com\/wp-json\/wp\/v2\/pages\/2584\/revisions\/2642"}],"wp:attachment":[{"href":"https:\/\/bajamont.com\/wp-json\/wp\/v2\/media?parent=2584"}],"curies":[{"name":"wp","href":"https:\/\/api.w.org\/{rel}","templated":true}]}}